 -341 - -351. Suppose -13*a + 4*g = -q*a - 2512, 0 = 4*g - 8. List the prime factors of a.
2, 3, 5, 7
Suppose r - 21*r - 4*r = 0. Suppose -2*h + 5*z + 2108 = r, 2*z - 11 = -7. List the prime factors of h.
3, 353
Let k be 5/((-75)/10)*-6. Let d(c) = 2*c**2 - 2*c - 3. Let w be d(k). What are the prime factors of ((-285)/w + -1)/(2/(-14))?
2, 3, 17
Let q(j) = j**3 - 4*j**2 + 4*j + 3. Let t be q(4). Let x(z) = -z**2 + 3*z + 47. Let p be x(t). Let h = 376 + p. List the prime factors of h.
7, 17
Let u(l) = -7*l**2 + 527*l - 391. List the prime factors of u(72).
5, 11, 23
Let m be ((-30)/9*-1)/(4/18). Let u(w) = 10*w + 76. List the prime factors of u(m).
2, 113
Let b(k) = 180*k - 30. Suppose 0 = n - 0*n + 2, n - 1 = -f. List the prime factors of b(f).
2, 3, 5, 17
Let h(v) = 3612 + 3606 + 16*v - 7206 + 38*v**2. List the prime factors of h(-3).
2, 3, 17
Suppose 0*j = 9*j - 90. Let b(t) = 46*t - 61. What are the prime factors of b(j)?
3, 7, 19
What are the prime factors of ((-7)/35)/(4/230)*-806?
13, 23, 31
Suppose -5*r + 15 = k - 0, -13 = 3*r + 5*k. Suppose 5*z + r*x = 681, 4*z - 3*x = -0*z + 551. What are the prime factors of (-2*z/(-4))/(8/16)?
137
Let v(h) = -h**3 + 26*h**2 - 28*h + 69. Let k be v(25). Let r be 0 - 6/(2 - 0). What are the prime factors of -2 + (k - r)/(-1) + 105?
2, 53
Let t = 55214 - 30466. What are the prime factors of t?
2, 23, 269
Let p(w) = 2*w**3 + w**2 + 3*w - 6. Let h be p(2). What are the prime factors of (-565)/h*10*(-12)/5?
2, 3, 113
What are the prime factors of (-33)/165 - (-2802)/10?
2, 5, 7
Suppose w - 3*c - 13 = 0, 3*c + 8 = c. Let s = w - 16. Let q(n) = n**2 + 7*n - 20. What are the prime factors of q(s)?
2, 5
Suppose o - w = -35 + 103, 2*o + 4*w = 124. Suppose 2*c + q = o + 626, -4 = -q. List the prime factors of c.
2, 43
Let t(v) be the third derivative of v**6/40 + v**4/12 - v**3/6 - 87*v**2. What are the prime factors of t(1)?
2
Suppose 5*x + 21*c - 17*c = 265989, 5*c = -x + 53181. List the prime factors of x.
53201
Suppose 0 = -2*c - 14, 202054 = 15*d - 11*d - 6*c. List the prime factors of d.
50503
Let x(n) be the third derivative of 63*n**4/8 - 21*n**2 - n. What are the prime factors of x(2)?
2, 3, 7
Let q be 3/9*6*1. Suppose -7 = -f - q. Suppose n = 3*z + 106, -n - f*z = -25 - 89. What are the prime factors of n?
109
Let r(g) = 2*g**2 - 4*g - 30. Let z be r(8). What are the prime factors of 61732/z + (-4)/(-6)?
2, 3, 13
Let m be (142/(-3) - -6)*(-1 + 7). Suppose -146 = s + 1. Let a = s - m. What are the prime factors of a?
101
Let b = 14 - 1. Suppose -14*v - 2 = -b*v. List the prime factors of (v + 7/2)*38.
3, 19
Let z be (3/9)/((-6)/(-54)). Suppose -5*j = -z*a + 2769, 4*a - 8*j + 13*j - 3692 = 0. List the prime factors of a.
13, 71
Suppose 4*g + 0*g = 48. Suppose g*v + 160 = -200. List the prime factors of (v/(-18))/((-2)/(-36)).
2, 3, 5
Suppose 0 = -10*q + 114560 + 82920. What are the prime factors of q?
2, 4937
Let w = 15 + -62. Let l = 129 - w. Let z = 335 - l. List the prime factors of z.
3, 53
Let k(l) = 649*l**2 + 25*l - 4. What are the prime factors of k(5)?
2, 11, 743
Suppose 5*z = -0*z + 1360. Let b = -4160 - -4164. Suppose 3*j - 84 - z = 2*o, -b*o = 5*j - 586. What are the prime factors of j?
2, 59
Let z = -65 + 68. Suppose 3*s - 1029 - 36 = p, s - z*p = 355. Let k = s - 242. List the prime factors of k.
113
Let w be ((-12)/(-14))/(((-11)/42)/(-11)). Suppose 2*g = -w + 22. Let u(v) = 5*v**2 + 4*v - 21. What are the prime factors of u(g)?
2, 7
Suppose -70*p = -6*p - 285888. List the prime factors of p.
3, 1489
Let k(d) = 2*d**3 - d**2 + 9*d - 16. List the prime factors of k(14).
2, 37, 73
Let t(s) = -3*s - 1. Let n be t(0). Let g be (1 - 4) + n + 732/2. Suppose 12*i - 358 = g. List the prime factors of i.
2, 3, 5
Let k = -51 + 55. Suppose k*w + 1310 = -5*g, 2*g + 762 - 226 = -4*w. Let l = -112 - g. What are the prime factors of l?
2, 73
Suppose k - 10073 = -5*s, 95*k - 4*s = 100*k - 50302. What are the prime factors of k?
2, 47, 107
Let i(s) = -s**2 - 28*s - 13. Let t = 33 + -39. Let m be i(t). Let f = m + -105. List the prime factors of f.
2, 7
Let t = -180 - -386. Let k = t - -29. What are the prime factors of k?
5, 47
Let o(z) = -z + 3. Let p be o(-3). Suppose -y + 3*i + p = 0, 2*y + i + 11 = -12. What are the prime factors of (3 - 0)*(-339)/y?
113
Let k(m) = 2771*m - 2623. List the prime factors of k(9).
2, 7, 797
Let f = -4908 - -12457. List the prime factors of f.
7549
Let m = -175 - -142. Let w = 303 - m. List the prime factors of w.
2, 3, 7
Let s be (17/4 + -5)/((-6)/16). Suppose -4*h = 5*l - 1388, -s*l - 4*h + 33 = -515. What are the prime factors of l?
2, 5, 7
Let y = 194 - -346. Let q = -266 + y. What are the prime factors of q?
2, 137
Suppose 18 = i - 5*s, 0*i = -4*i - s + 30. Suppose i*a = -2590 + 7438. What are the prime factors of a?
2, 3, 101
Suppose 2*n + 5*f = 4*n + 9, 2*n + f + 39 = 0. Let h(l) = 3*l**2 + 23*l + 27. List the prime factors of h(n).
503
Let p(m) = 2*m**3 + 55*m**2 - 19*m + 52. Let g be p(-26). Suppose -5*v - 4*i + 8941 - g = 0, 0 = i + 2. What are the prime factors of v?
3, 5, 17
Suppose 0 = -q + 172 - 20. Let v = 237 - q. List the prime factors of v.
5, 17
Suppose 8*g - 7*g = -7*g. Suppose -4*b + 2*i + 4418 = g, 2*b + b - 3316 = i. What are the prime factors of b?
3, 41
Let p be ((-52)/78)/((-4)/66). Let t be (-2)/p + (-96)/(-44) + -2. Suppose 5*h + 4*y - 107 = t, -2*y - 11 = 5*h - 112. What are the prime factors of h?
19
Let u(v) be the first derivative of -v**4 - v**3 - 27*v**2/2 + 13*v + 87. What are the prime factors of u(-6)?
7, 19
Let h(f) be the third derivative of -f**4/24 + 27*f**3/2 + f**2. Let c be (-1 + 1)/(13 - 10). What are the prime factors of h(c)?
3
Let y(g) = g**3 - 14*g**2 - 13*g - 31. Let z be y(15). Let l be (-5)/z*216/6. Let k = 314 - l. What are the prime factors of k?
2, 67
What are the prime factors of (18 + -55305)*(-5 + 6)/(-1)?
3, 6143
Let w = -65076 - -104458. List the prime factors of w.
2, 7, 29, 97
Let y = -36 + 20. Suppose 9*m = 8*m - 41. Let r = y - m. List the prime factors of r.
5
Let j(u) = u**3 + 9*u**2 + 16*u - 7. Let b be j(-6). Suppose b*p - 4862 = -1052. List the prime factors of p.
2, 3, 127
Let k = 63 + -75. What are the prime factors of (k/8)/(21/(-10108))?
2, 19
Suppose 2*y + 6 = 0, 3*i - 25224 = -0*i - 5*y. What are the prime factors of i?
47, 179
Let g(a) = 18*a**2 + 28*a - 575. What are the prime factors of g(17)?
3, 7
Let j(i) = 521*i - 8416. What are the prime factors of j(89)?
3, 4217
Let n(d) = -d**3 + 145*d**2 + 86*d + 1627. List the prime factors of n(145).
3, 37, 127
Suppose 0 = 4*r - 3*r. Suppose -3*n + 4*n - 2*u = 16, -2*n + u + 23 = r. Suppose -610 = -n*h + 200. What are the prime factors of h?
3
Let g(i) be the first derivative of -24*i**2 + 86*i - 54. List the prime factors of g(-5).
2, 163
Let o be ((-1986)/(-4))/((-46)/(-92)). Suppose 4*m - 9*m - 3*i + 1242 = 0, 4*m + 3*i - o = 0. List the prime factors of m.
3, 83
Let b = 16248 + 27728. What are the prime factors of b?
2, 23, 239
Let g(b) = 34*b**3 + 3*b - 3. Let z be g(1). Suppose 146 = m + 4*j, -5*j + z = 9. List the prime factors of m.
2, 3, 7
Let a be (161504/7)/8 + -1. Suppose -12*q + a = -9*q. List the prime factors of q.
31
Let g = -69 + 378. Suppose 44*p - 41*p - g = 0. List the prime factors of p.
103
Suppose -4*s - 3 = 5*t, 0 = -s + 2*t - 5 + 1. Let h(j) = -62*j**3 + 2*j**2 + 4*j + 6. What are the prime factors of h(s)?
2, 251
Let w(h) = 150*h + 1. Let r be w(3). Suppose -10*y = -4*y + 1806. Let f = r + y. List the prime factors of f.
2, 3, 5
Suppose -234*s + 15 = -229*s. Suppose 3179 = s*t - 4*a + 750, 0 = 4*a + 20. What are the prime factors of t?
11, 73
Let h = 20594 + 3974. What are the prime factors of h?
2, 37, 83
Suppose 90*b = 25*b - 14*b + 113128. What are the prime factors of b?
2, 179
Suppose 4*v - 2*v + 4*c = 65412, 0 = 11*v + 2*c - 359866. What are the prime factors of v?
2, 8179
Let v = -9625 + 16295. What are the prime factors of v?
2, 5, 23, 29
Let d(b) be the third derivative of -4*b**4/3 - 43*b**3/3 - 23*b**2 + b. What are the prime factors of d(-10)?
2, 3, 13
Let q = -175 - -178. Suppose -q*t + 3035 = 4*v, -20 + 10 = -2*t. List the prime factors of v.
5, 151
Let p(i) = -i**2 + 32*i + 3. Let f(u) = -19*u - 37. Let o be